9 and 17.
17
What is the highest common factor of 1216 and 288?
32
Calculate the highest common factor of 228 and 60.
12
Calculate the highest common divisor of 108 and 2772.
36
Calculate the greatest common factor of 27784 and 23.
23
Calculate the greatest common divisor of 6 and 127.
1
What is the highest common divisor of 130 and 30?
10
Calculate the greatest common factor of 112 and 252.
28
Calculate the highest common divisor of 11 and 649.
11
Calculate the highest common divisor of 221 and 52.
13
What is the highest common divisor of 40500 and 24?
12
Calculate the highest common factor of 150 and 3200.
50
Calculate the greatest common divisor of 62883 and 34.
17
Calculate the highest common factor of 454 and 10.
2
What is the greatest common factor of 4032 and 2352?
336
What is the greatest common factor of 11 and 781?
11
What is the greatest common factor of 126 and 14?
14
What is the highest common factor of 28350 and 2250?
450
Calculate the highest common divisor of 3 and 317.
1
What is the highest common factor of 1 and 2131?
1
Calculate the greatest common factor of 106 and 1855.
53
Calculate the greatest common factor of 2244 and 506.
22
Calculate the greatest common factor of 970 and 20.
10
Calculate the highest common factor of 3649 and 41.
41
Calculate the greatest common divisor of 328 and 2747.
41
What is the greatest common divisor of 615 and 123?
123
What is the highest common divisor of 568 and 923?
71
Calculate the highest common divisor of 72 and 204.
12
Calculate the highest common divisor of 437 and 5.
1
What is the greatest common divisor of 12 and 41352?
12
What is the highest common divisor of 16 and 3?
1
What is the greatest common divisor of 168 and 60?
12
What is the highest common divisor of 1442 and 4?
2
Calculate the highest common factor of 247 and 38.
19
Calculate the greatest common divisor of 23 and 193.
1
Calculate the greatest common factor of 330 and 66.
66
Calculate the greatest common factor of 8050 and 138.
46
Calculate the highest common factor of 931 and 14231.
133
Calculate the greatest common factor of 4736 and 128.
128
Calculate the greatest common factor of 17059 and 7.
7
Calculate the greatest common factor of 169 and 351.
13
Calculate the greatest common factor of 456 and 57.
57
Calculate the highest common factor of 396 and 88.
44
What is the highest common factor of 3015 and 60?
15
Calculate the highest common factor of 48 and 304.
16
What is the greatest common factor of 418 and 1862?
38
What is the highest common divisor of 285 and 300?
15
Calculate the highest common factor of 49 and 833.
49
Calculate the highest common factor of 3377 and 11.
11
Calculate the highest common divisor of 3706 and 109.
109
What is the highest common divisor of 185 and 115?
5
Calculate the greatest common divisor of 640 and 15.
5
Calculate the greatest common divisor of 15 and 2195.
5
What is the greatest common divisor of 36 and 4572?
36
What is the greatest common factor of 26 and 143?
13
What is the highest common divisor of 1924 and 148?
148
What is the highest common divisor of 540 and 45?
45
What is the greatest common divisor of 90 and 2178?
18
What is the highest common divisor of 170 and 50?
10
What is the highest common factor of 6 and 282?
6
Calculate the greatest common factor of 132 and 16566.
66
What is the greatest common divisor of 56 and 196?
28
What is the highest common divisor of 60 and 30?
30
Calculate the greatest common divisor of 816 and 51.
51
Calculate the greatest common divisor of 76 and 8.
4
What is the highest common divisor of 4154 and 248?
62
What is the greatest common factor of 1140 and 532?
76
What is the greatest common factor of 133 and 217?
7
What is the highest common factor of 183 and 53619?
183
Calculate the greatest common divisor of 550 and 33.
11
What is the greatest common divisor of 36 and 27?
9
Calculate the highest common divisor of 231 and 9.
3
What is the highest common divisor of 715 and 110?
55
Calculate the highest common factor of 297 and 3399.
33
Calculate the highest common divisor of 340 and 136.
68
Calculate the greatest common divisor of 1225 and 50.
25
What is the greatest common factor of 3924 and 24?
12
What is the highest common divisor of 130 and 5174?
26
Calculate the greatest common divisor of 243 and 27.
27
What is the highest common divisor of 86 and 129?
43
What is the highest common divisor of 75 and 2820?
15
What is the greatest common factor of 29 and 2581?
29
Calculate the highest common factor of 33 and 13233.
33
Calculate the greatest common divisor of 177 and 6667.
59
What is the greatest common factor of 12 and 156?
12
Calculate the highest common divisor of 144 and 264.
24
What is the greatest common divisor of 172 and 2322?
86
Calculate the greatest common factor of 12 and 132.
12
Calculate the highest common divisor of 532 and 7.
7
What is the highest common divisor of 34 and 51?
17
What is the greatest common factor of 90 and 576?
18
What is the greatest common divisor of 553 and 14?
7
Calculate the greatest common divisor of 2970 and 110.
110
Calculate the greatest common factor of 135 and 117.
9
What is the highest common factor of 56 and 1200?
8
What is the highest common factor of 208 and 494?
26
Calculate the greatest common divisor of 12 and 225.
3
What is the greatest common factor of 7 and 49?
7
Calculate the greatest common divisor of 27 and 63.
9
What is the greatest common factor of 22 and 1727?
11
Calculate the greatest common divisor of 150 and 170.
10
Calculate the highest common factor of 12682 and 34.
34
What is the highest common factor of 3186 and 18?
18
Calculate the highest common divisor of 261 and 319.
29
Calculate the greatest common divisor of 340 and 180.
20
Calculate the greatest common factor of 418 and 22.
22
Calculate the highest common divisor of 78 and 429.
39
What is the highest common divisor of 518 and 287?
7
Calculate the highest common divisor of 10 and 95.
5
What is the highest common divisor of 912 and 4902?
114
Calculate the greatest common divisor of 9720 and 160.
40
Calculate the greatest common divisor of 22 and 26.
2
Calculate the greatest common factor of 6289 and 19.
19
Calculate the highest common divisor of 75 and 10.
5
What is the highest common factor of 34 and 374?
34
Calculate the greatest common factor of 18 and 1494.
18
What is the greatest common factor of 7035 and 105?
105
Calculate the highest common factor of 48 and 488.
8
What is the greatest common factor of 406 and 14?
14
Calculate the highest common divisor of 546 and 39.
39
What is the highest common divisor of 3 and 57?
3
Calculate the highest common divisor of 260 and 1885.
65
Calculate the highest common divisor of 23 and 8.
1
Calculate the greatest common divisor of 119 and 7.
7
Calculate the greatest common factor of 224 and 168.
56
What is the highest common divisor of 6 and 826?
2
Calculate the greatest common divisor of 565 and 5.
5
Calculate the highest common divisor of 3300 and 33.
33
Calculate the highest common factor of 13 and 1.
1
What is the highest common divisor of 352 and 6864?
176
Calculate the highest common factor of 132 and 12.
12
Calculate the highest common factor of 658 and 126.
14
Calculate the greatest common factor of 1639 and 33.
11
What is the greatest common divisor of 95 and 115330?
95
What is the highest common factor of 12 and 2364?
12
What is the highest common divisor of 63 and 4473?
63
What is the highest common factor of 29448 and 72?
72
Calculate the highest common divisor of 53 and 2597.
53
Calculate the highest common divisor of 9 and 2097.
9
Calculate the highest common factor of 8078 and 14.
14
Calculate the greatest common divisor of 1168 and 17812.
292
What is the greatest common factor of 210 and 120?
30
What is the highest common factor of 33 and 132?
33
What is the highest common divisor of 434 and 630?
14
What is the greatest common factor of 184 and 69?
23
Calculate the greatest common divisor of 6345 and 108.
27
Calculate the highest common divisor of 1664 and 52.
52
What is the highest common divisor of 759 and 11?
11
Calculate the greatest common divisor of 198 and 1692.
18
What is the highest common factor of 4 and 1636?
4
What is the highest common divisor of 